{"id":12,"date":"2016-03-01T20:07:34","date_gmt":"2016-03-01T19:07:34","guid":{"rendered":"http:\/\/www.moser-wohnbedarf.ch\/?page_id=12"},"modified":"2017-03-08T23:41:31","modified_gmt":"2017-03-08T22:41:31","slug":"bodenbelaege","status":"publish","type":"page","link":"https:\/\/moser-wohnbedarf.ch\/?page_id=12","title":{"rendered":"Bodenbel\u00e4ge"},"content":{"rendered":"<p><img fetchpriority=\"high\" decoding=\"async\" class=\"alignright size-thumbnail wp-image-78\" src=\"https:\/\/moser-wohnbedarf.ch\/wp-content\/uploads\/boden4-320x240.jpg\" alt=\"boden4\" width=\"320\" height=\"240\" \/>Wir liefern und verlegen diverse Bodenbel\u00e4ge und gew\u00e4hrleisten eine optimale Beratung f\u00fcr Ihren Parkett, Laminat- oder Teppichboden.<\/p>\n<p>Die Auswahl an Bodenbel\u00e4gen ist riesig.<br \/>\nBei Bodenbel\u00e4gen k\u00f6nnen verschiedene Materialien eingesetzt werden.<br \/>\nVon einem zeitlosen, klassischen Parkett, welches gem\u00fctliche Atmosph\u00e4re schafft, \u00fcber pflege- und preisbewusstes Laminat bis zum klassischen Teppich. Auch die starken Linoleum- und Vinylb\u00f6den finden ihren Einsatz.<\/p>\n<p>Rufen Sie an und verlangen Sie eine unverbindliche Offerte<\/p>\n<p><strong>Unsere Marken<\/strong><\/p>\n<ul>\n<li><a href=\"http:\/\/www.cabana.ch\/\" target=\"_blank\">Cabana<\/a>, Herisau<\/li>\n<li><a href=\"http:\/\/www.licorado.ch\/\" target=\"_blank\">Licorado<\/a>, Kriens<\/li>\n<li><a href=\"http:\/\/www.fabromont.ch\/de\/\" target=\"_blank\">Fabromont<\/a>, Schmitten<\/li>\n<li><a href=\"http:\/\/www.bauwerk-parkett.ch\/\" target=\"_blank\">Bauwerk Parkett<\/a>, St. Margrethen<\/li>\n<li><a href=\"http:\/\/www.forbo.ch\/\" target=\"_blank\">Forbo<\/a>, Giubiasco<\/li>\n<li><a href=\"http:\/\/www.wicanders.ch\/\" target=\"_blank\">Wicanders<\/a>, Zug<\/li>\n<li><a href=\"http:\/\/www.tiscatiara.com\/de\/interior-textiles\/teppiche\/\" target=\"_blank\">Tisca Tiara<\/a><\/li>\n<\/ul>\n<p>&nbsp;<\/p>\n","protected":false},"excerpt":{"rendered":"<p>Wir liefern und verlegen diverse Bodenbel\u00e4ge und gew\u00e4hrleisten eine optimale Beratung f\u00fcr Ihren Parkett, Laminat- oder Teppichboden. Die Auswahl an Bodenbel\u00e4gen ist riesig. Bei Bodenbel\u00e4gen k\u00f6nnen verschiedene Materialien eingesetzt werden. Von einem zeitlosen, klassischen Parkett, welches gem\u00fctliche Atmosph\u00e4re schafft, \u00fcber &hellip; <a href=\"https:\/\/moser-wohnbedarf.ch\/?page_id=12\">Weiterlesen <span class=\"meta-nav\">&rarr;<\/span><\/a><\/p>\n","protected":false},"author":3,"featured_media":0,"parent":7,"menu_order":210,"comment_status":"closed","ping_status":"closed","template":"","meta":{"footnotes":""},"class_list":["post-12","page","type-page","status-publish","hentry"],"_links":{"self":[{"href":"https:\/\/moser-wohnbedarf.ch\/index.php?rest_route=\/wp\/v2\/pages\/12","targetHints":{"allow":["GET"]}}],"collection":[{"href":"https:\/\/moser-wohnbedarf.ch\/index.php?rest_route=\/wp\/v2\/pages"}],"about":[{"href":"https:\/\/moser-wohnbedarf.ch\/index.php?rest_route=\/wp\/v2\/types\/page"}],"author":[{"embeddable":true,"href":"https:\/\/moser-wohnbedarf.ch\/index.php?rest_route=\/wp\/v2\/users\/3"}],"replies":[{"embeddable":true,"href":"https:\/\/moser-wohnbedarf.ch\/index.php?rest_route=%2Fwp%2Fv2%2Fcomments&post=12"}],"version-history":[{"count":0,"href":"https:\/\/moser-wohnbedarf.ch\/index.php?rest_route=\/wp\/v2\/pages\/12\/revisions"}],"up":[{"embeddable":true,"href":"https:\/\/moser-wohnbedarf.ch\/index.php?rest_route=\/wp\/v2\/pages\/7"}],"wp:attachment":[{"href":"https:\/\/moser-wohnbedarf.ch\/index.php?rest_route=%2Fwp%2Fv2%2Fmedia&parent=12"}],"curies":[{"name":"wp","href":"https:\/\/api.w.org\/{rel}","templated":true}]}}